= -l. Let b = l - 184. Suppose -4*y + z = y - b, 5*y + z - 161 = 0. What are the prime factors of y?
3, 11
Suppose 17*x - 49481 = 109962. What are the prime factors of x?
83, 113
Let z = -1566 - -769. Let d = 1424 + z. What are the prime factors of d?
3, 11, 19
Let o(i) = 2007*i**3 - 17*i**2 + 34*i + 6. What are the prime factors of o(2)?
2, 3, 2677
Let d = 2804 + -2745. What are the prime factors of d?
59
Let j = -851 + 603. What are the prime factors of 9*(j/12)/(-1)?
2, 3, 31
Suppose -9*s + 54292 - 18202 = 0. What are the prime factors of s?
2, 5, 401
Suppose -14433 = q - 4*q + 27615. What are the prime factors of q?
2, 3, 73
Let t be -2*(105/21 + 9/(-2)). List the prime factors of (-338)/t + 5 + -4.
3, 113
Suppose 2*l + 3*t - 76 = 0, -6*l + 5*l - 3*t = -38. Suppose l*b = 91 + 1315. What are the prime factors of b?
37
Let o(k) = 254*k + 488. What are the prime factors of o(53)?
2, 3, 5, 31
Suppose 165*f - 168*f = -39675. Suppose f = -34*m + 59*m. List the prime factors of m.
23
Suppose 24 = 2*i - 0 - 0. What are the prime factors of i?
2, 3
Suppose -3*a + 72 = 3*s, -4*a - 5*s = -4*s - 99. List the prime factors of 797/7 + a/175.
2, 3, 19
Let o = -3502 - -7452. What are the prime factors of o?
2, 5, 79
Let r(s) = -325*s - 86. Let v be r(2). Let l = 1383 + v. List the prime factors of l.
647
Suppose 2*g - 17 = -5*b - 1, 3*g = 3*b - 18. Suppose 4*p + b*v = 2136, 5*p - 3*v - 2253 = 441. What are the prime factors of p?
3, 179
Let u = 935 - -931. List the prime factors of u.
2, 3, 311
Suppose -5*c = -10*c + 25. Suppose -r = -c*l + 1635, -5*r + 249 = l - 78. List the prime factors of l.
3, 109
Let r be (-3)/30 - 135695/50. Let h = r - -3916. List the prime factors of h.
2, 601
Let g = 26784 + -10313. List the prime factors of g.
7, 13, 181
Let g(l) = l**3 - l**2 - 10*l + 197. List the prime factors of g(0).
197
Suppose 12 = -2*g + 2, -19 = -4*l - g. Let v(i) = 44*i**2 - 8*i + 53. List the prime factors of v(l).
7, 227
Let q(x) = -5*x**3 + 361*x**2 + 80*x + 279. List the prime factors of q(72).
3, 29, 43
Let v(q) = 18*q**2 - 13*q + 38. Let k be v(11). Let d be 2*(k/(-6) + -1). List the prime factors of (d/6)/(-7)*20/5.
2, 3, 11
Suppose 0 = 3*l + k - 0*k - 4297, 3*l = 2*k + 4312. Let b = l - 557. What are the prime factors of b?
877
Suppose -16*u + 361 = 3*u. Suppose -13440 = -u*o + 3*o. List the prime factors of o.
2, 3, 5, 7
Let d(m) = 7*m**2 - 68*m + 1056. What are the prime factors of d(70)?
2, 7649
Let r = -27559 + 42540. What are the prime factors of r?
71, 211
Let b(x) = -x**3 - x**2 + 146. Let q(y) = y - 14. Let f be q(14). Let i be b(f). Let z = i - 18. What are the prime factors of z?
2
Let v = -1232 + 2640. Suppose 3*i = 986 + v. List the prime factors of i.
2, 3, 7, 19
Suppose 6*n + 3*k - 28167 = 0, 0 = -3*n + 2*k + 13575 + 519. What are the prime factors of n?
2, 587
Let o = -926 + 958. Let z(t) = t**3 + 3*t**2 - 6*t - 6. Let y be z(-5). Let v = o - y. List the prime factors of v.
2, 29
Let i(p) = 5*p**2 - 3*p**2 + 3*p**2 + 36 - 31*p - 3*p**2. Let c be i(15). Let q(v) = v**3 - 20*v**2 - 10*v + 19. What are the prime factors of q(c)?
2, 5
Let q = 23046 - 4428. List the prime factors of q.
2, 3, 29, 107
Let a(f) = f**3 - 6*f**2 + 324*f - 83. What are the prime factors of a(31)?
2, 16993
Let t(q) = 99*q + 1219. List the prime factors of t(23).
2, 19, 23
Let s(o) = o - 41. Let j be s(11). List the prime factors of (j/3*-111)/2.
3, 5, 37
Let d(a) = a**3 - 15*a**2 + 21*a - 362. List the prime factors of d(31).
5, 13, 241
Suppose 13 = 3*y - 7*y + o, -5 = 3*y + 4*o. What are the prime factors of -1 - ((-6 - y)*103 - 1)?
3, 103
Suppose -30907 = -3*o - 4*x, -12*x + 30904 = 3*o - 11*x. What are the prime factors of o?
10301
Suppose 11*m - 140 + 96 = 0. Let j(b) = 240*b + 4. What are the prime factors of j(m)?
2, 241
Let y(f) = 181*f - 10461. List the prime factors of y(106).
5, 349
Let o = 18695 + -11913. What are the prime factors of o?
2, 3391
Let n(x) = -6*x**2 + 0*x**3 - 33 + 4*x**3 - 10*x + 37. What are the prime factors of n(5)?
2, 19
Suppose 0 = -2*c - 32 + 28. Let d(w) = 10*w**2 - 3*w - 4. Let j be d(c). What are the prime factors of ((-58)/4)/((-3)/j)?
7, 29
Suppose 71*j + 2*v + 145250 = 74*j, -4*j + 2*v + 193672 = 0. List the prime factors of j.
2, 11, 31, 71
Suppose 4*r - 2 - 6 = -2*f, r = -2*f - 4. List the prime factors of ((-1345)/10)/(2/f).
269
Let v be ((-6)/(-8))/(6/8) + 499. Suppose -v = -0*h - 5*h. List the prime factors of h.
2, 5
Let q = 11 - 5. Suppose 3*y - 438 + 75 = -8*y. List the prime factors of (11/y + 4/q)*193.
193
Let a(r) = 1928*r**2 - 27*r - 19. What are the prime factors of a(-3)?
2, 8707
What are the prime factors of 31/(31/2) - (-3 + -1405)?
2, 3, 5, 47
Suppose -209*x + 202*x + 46914 = 0. What are the prime factors of x?
2, 3, 1117
Let m(x) = x**3 + 9*x**2 + 19*x + 29. Let l be m(-7). Let f(u) = 12*u**2 + 13*u + 18. List the prime factors of f(l).
2, 3, 31
Suppose 2946 + 3816 = 4*n - 5*m, -n + 1687 = -3*m. Suppose n = 3*d - 5*o, 2*d + o - 204 = 929. List the prime factors of d.
2, 283
Suppose 3*p - 11*p + 119253 + 51427 = 0. What are the prime factors of p?
5, 17, 251
Suppose -z - 3 = -5*s, -4*z = 5*s - 4*s - 9. Suppose -z*p = j + 70, 295 = -4*j - 2*p - p. Let f = j + 191. What are the prime factors of f?
5, 23
Let r(u) = 77*u**2 - 154*u + 942. List the prime factors of r(-34).
2, 3, 5, 19, 167
Let t = -7 - -13. Let a(o) be the second derivative of o**3/2 + 5*o**2/2 - 2*o + 37. List the prime factors of a(t).
23
Suppose 1477 - 81 = -4*z. Let s = 1367 - z. Suppose 0 = -19*x + 7*x + s. List the prime factors of x.
11, 13
Let x(m) = m**2 + 1870*m + 72474. List the prime factors of x(0).
2, 3, 47, 257
Let a(j) = 4*j**3 - 20*j**2 - 30*j - 46. List the prime factors of a(14).
2, 5, 659
Let b be 492/(-82)*(-1 - (-2)/6). List the prime factors of (-3 + 14/b)*2 - -273.
2, 137
Suppose 62 = -3*o + 92. Let h = -19 + 19. Suppose -r - o = -3*t + 10, h = -5*t - 4*r + 22. List the prime factors of t.
2, 3
Let z(s) = 2*s**2 - 43*s - 13. Let i(t) = -t**2 + 12*t + 7. Let r be i(10). List the prime factors of z(r).
2, 71
Let j(u) = -143*u + 1831. List the prime factors of j(-12).
3547
Let f = 2547 + -961. List the prime factors of f.
2, 13, 61
Let g = 14969 - 7449. List the prime factors of g.
2, 5, 47
Let h = 342 + -239. Let z = -74 + h. List the prime factors of 6/(5 + 1)*z.
29
Let v = -2677 - -3490. What are the prime factors of v?
3, 271
Let v(g) = 4603*g**2 - 18*g - 52. What are the prime factors of v(-2)?
2, 3, 7, 73
Suppose -2*c + 5*k + 21 + 4 = 0, -25 = -3*c + 5*k. Suppose -6*n + 11*n = 4*t + 705, 3*t = c. List the prime factors of n.
3, 47
Let y be -6*(-7816)/60 + (-6)/10. Let w = -332 + y. List the prime factors of w.
449
Let n(d) be the third derivative of -d**6/120 - 2*d**5/5 + 11*d**4/6 - 17*d**3/6 - 11*d**2. What are the prime factors of n(-26)?
191
Suppose -43 = -5*v - 358. Let z = v - -67. List the prime factors of ((-101)/z*-1)/(32/128).
101
Suppose 300647 = -141*a + 116*a + 1270822. What are the prime factors of a?
151, 257
Suppose -24*r - 29740 = -29*r. List the prime factors of r.
2, 1487
Suppose -4*d - f = -7388, -2*d = 3*f - 4*f - 3694. What are the prime factors of d?
1847
Suppose 0 = -a + 4*a - 6*a + 73917. What are the prime factors of a?
3, 43, 191
Let z = 3 + 2. Suppose z*p = p + 12. Suppose -2*i + 7*i = -3*q + 253, -289 = -4*q + p*i. List the prime factors of q.
2, 19
Suppose -5*c + 1390 = 5*d, 4*c - 2*d + 0*d - 1112 = 0. Suppose -130 = t - 5*s + 42, 0 = -s. Let r = t + c. What are the prime factors of r?
2, 53
Suppose 8*i - 12 = 4*i. List the prime factors of (i + 5213)/4*(-12)/(-16).
2, 3, 163
Let d(x) = 2*x**3 - 11*x**2 + 14*x + 14. Let v be d(7). List the prime factors of v/14*(48 - -6).
3, 37
Suppose -i = 5*b - 34348 - 17619, -5*b - 2*i + 51964 = 0. List the prime factors of b.
2, 5197
Let b(t) = 80*t**2 - 12*t - 90. List the prime factors of b(18).
2, 3, 1423
Let g = 499 + -285. Suppose -3*i - 225 = -t + 92, -2*i = 2*t + g. Let z = -8 - i. List the prime factors of z.
2, 7
Suppose -3*l = -8*r + 9*r - 12257, 4*l = -16. List the prime factors of r.
12269
Let g be 6/(-4)*(12306/9)/7. Let t = 71 - g. List the prime factors of t.
2, 7, 13
Suppose 55310 + 49458 = 16*j. What are the prime factors of 